178 = 4*x. What is the greatest common divisor of x and 275?
11
Suppose -18*p = -4108 - 32. What is the highest common factor of p and 550?
10
Let r = 1171 + -1157. Suppose -11*g + 437 + 256 = 0. What is the greatest common factor of g and r?
7
Let a = 194 + -175. Suppose -65 = -o - a. Suppose -2*x - 2 = 0, 0 = 4*h + x - 29 - 430. Calculate the highest common divisor of h and o.
23
Suppose 15*y = 19*y + 20, 0 = -o + 5*y + 233. Suppose -4*j - g + 68 = -2*g, -2*j - 5*g + 12 = 0. What is the greatest common factor of o and j?
16
Let v = 9 + 15. Suppose 9*w = 4*w + 480. Suppose -2*l + w = 2*l. What is the greatest common factor of v and l?
24
Let q(j) = -2*j**3 + j**2 - 2*j + 1. Let m be q(1). Let r be (-3 - m)/(-2)*32. Suppose -169 + 569 = r*i. What is the greatest common factor of 5 and i?
5
Let s = -63 - -142. Suppose 3*t - s = v, -3*v + 2*v = t - 29. Let h = t - -103. Calculate the highest common factor of 10 and h.
10
Let g be (-972)/(-30) + 0 - 80/(-50). Calculate the greatest common divisor of 8942 and g.
34
Let z be 13928/32 + 5 - (-2)/(-8). Calculate the greatest common factor of z and 3256.
88
Suppose -186*f = 165*f - 2047032. What is the highest common divisor of 288 and f?
72
Let p be 22 - ((-126)/(-84))/((-3)/4). Let n(b) = b**2 + 6*b - 1. Suppose 3*h + 14 + 7 = 0. Let a be n(h). What is the greatest common factor of p and a?
6
Suppose 1400 = 5*t - 1570. Suppose 0 = 370*y - 14 - 4056. Calculate the highest common factor of y and t.
11
Suppose -503 = 25*w - 969 - 434. Calculate the highest common divisor of 3540 and w.
12
Let x be 8 + (-11184)/(-60) + 3/5. Let f = x + -144. Calculate the highest common divisor of f and 408.
51
Let i be 1/(-5) - ((-63)/15 + 10). Let z be (58/174)/((-2)/i). Suppose v = -v + 2. Calculate the highest common factor of z and v.
1
Suppose -2*q + 1869 = q. Let i be 3*970/(-1164)*14/(-5). Calculate the greatest common factor of i and q.
7
Let t(f) = 8*f - 2 + 3*f**2 + 0*f**2 - 2*f**2 - 4*f. Let j be t(-6). What is the highest common factor of 30 and j?
10
Suppose -4*y + 14 = -2*z, -8*y - 4*z - 8 = -11*y. Suppose 5*b = 2*x - 139, y*b - 328 = -3*x - 108. What is the highest common divisor of x and 45?
9
Let a = 11007 + -10161. Calculate the greatest common factor of a and 342.
18
Suppose -1253 = -4*v + 4*b + 227, -5*v + 2*b = -1835. Suppose 29*a + 2*t = 32*a - 219, 2*a - 146 = -2*t. Calculate the greatest common divisor of a and v.
73
Let b be (12/4 + -4)*(-8)/4. Let f(n) = 4*n**2 - 31*n + 24. Let r be f(8). What is the highest common divisor of r and b?
2
Let d = 4552 - 3752. Calculate the highest common divisor of 950 and d.
50
Let d = 1795 - 1786. Calculate the greatest common divisor of d and 1104.
3
Suppose 0 = -g + q, 0 = -3*g + q + 3*q - 2. Let z be 9 + g/((-4)/2). Suppose 4*u - 120 = -11*u. Calculate the highest common divisor of z and u.
8
Let w(u) = -u**2 - 6*u + 47. Let o be w(-6). Calculate the greatest common divisor of 33887 and o.
47
Let f(r) = 2*r + 12. Let p be f(-9). Let c be 17*((-108)/p)/6. What is the highest common factor of c and 17?
17
Let n(w) = 63*w + 1290. Let q be n(-20). What is the highest common factor of q and 222?
6
Suppose 2*j = -4*k + 16, 5*j - k = 14 + 4. Let w be 46 - (60/(-35) + j/(-14)). Calculate the greatest common divisor of 432 and w.
48
Let b be 11849/2 - (-80)/160. What is the highest common factor of 75 and b?
75
Let n be 4/(-10) - 1088/(-20). Let z = 6880 - 6610. What is the greatest common divisor of z and n?
54
Let b(v) = -9*v + 286. Let d be b(-22). Let c = -406 + d. Let n(a) = 116*a + 1. Let f be n(1). What is the greatest common factor of f and c?
39
Let l be 19 - 35*(-23148)/90. Calculate the highest common divisor of l and 2037.
291
Let j(s) = 2284*s - 1561. Let f be j(4). Calculate the greatest common divisor of 25 and f.
25
Let r be ((-16)/18)/((-22)/99). Suppose 4*u - 200 = -3*o - 2*o, 0 = o + r*u - 24. What is the highest common divisor of o and 55?
11
Let h = -32 + 38. Let g(y) = -y + 6. Let a(o) = -o + 6. Let k(w) = 6*a(w) - 5*g(w). Let v be k(0). Calculate the highest common factor of v and h.
6
Suppose -34596 - 44756 = -13*b - 15*b. What is the highest common factor of 52 and b?
26
Let k be ((-7)/(-4))/((-39)/(-156)). Suppose 147 + k = 2*z. What is the highest common divisor of z and 11?
11
Let c = 16553 + -15825. What is the greatest common divisor of c and 1976?
104
Let r(q) = 54*q**2 - 2*q - 4. Let o(w) = -3*w + 65. Let u be o(14). Suppose -21*x + 4 = -u*x. Let l be r(x). What is the greatest common divisor of 24 and l?
24
Let d be -22 + (-9)/(18/(-100)). Let g be (-330)/(-3) - (1 - 3). Calculate the greatest common divisor of d and g.
28
Suppose 4*g = o + 855, -165 - 61 = -g + 2*o. Calculate the greatest common factor of 2014 and g.
106
Let p(k) = -57*k - 98. Let c be p(-8). Calculate the highest common factor of 1611 and c.
179
Let r(s) = s + 6. Let f be r(6). Let k(m) = m**3 + 60*m**2 - 70*m - 453. Let d be k(-61). What is the greatest common divisor of f and d?
12
Suppose 3*k + 2*m - 9797 = 13714, k - 7827 = m. Calculate the highest common factor of k and 42.
21
Let l be (-14070)/(-51) + 435/85 + -5. Let p = l - 274. Calculate the highest common divisor of p and 140.
2
Suppose -661*z + 668*z = 28. Suppose 0*k + 4*u = -k + 97, -4*u + 328 = z*k. What is the greatest common divisor of k and 28?
7
Let r = 215 + -110. Let z(f) = -f**2 + 27*f - 23. Let j be z(10). Suppose -153*v = -j*v - 126. Calculate the highest common factor of v and r.
21
Let z be (5 - 5)/5 + 854 + 1. What is the highest common factor of 1520 and z?
95
Let m = -7304 + 7360. Calculate the greatest common factor of 1253 and m.
7
Suppose 14*x + 456 = 16*x. Let a = 324 - x. Suppose 9*w = 13*w - a. What is the greatest common divisor of 6 and w?
6
Suppose -67*b + 6916 - 2628 = 0. Let u(z) = 48*z**3. Let s be u(1). What is the highest common factor of b and s?
16
Let g be (-54)/(-27)*(6 + 1). Let k = -34 + 104. What is the highest common factor of g and k?
14
Suppose -5*m + 32 = -3*i, -4*m - 5*i + 0*i - 4 = 0. Suppose q + 283 - 1242 = -m*d, -4*q - 724 = -3*d. Calculate the greatest common factor of d and 15.
15
Suppose 0 = -15*y + 205*y - 271890. What is the greatest common divisor of y and 159?
159
Suppose 35*u - 26579 - 36736 = 0. What is the highest common factor of 27 and u?
27
Let r(z) = -3*z**3 + z**2 + 3*z + 3. Let b be r(-2). Let d(w) = 4*w**2 - 93*w + 139. Let u be d(26). What is the highest common factor of b and u?
25
Let p = -629 - -949. Suppose -10*g + 6*g = -p. What is the highest common divisor of 16 and g?
16
Suppose 22*c = 23*c + 1. Let j be ((-360)/16 - 4)/(c/8). Calculate the greatest common factor of 53 and j.
53
Let m be 5274/1465 - (-6)/(-10). What is the greatest common divisor of 526 and m?
1
Suppose -2*t + 5*y = -495, t - 240 = -1713*y + 1718*y. What is the highest common divisor of 25755 and t?
255
Suppose 0 = -15*p + 6*p + 3303. Let s = 129 + p. Suppose -3*f + s = w + 3*w, -f - 3*w + 162 = 0. What is the greatest common factor of 21 and f?
21
Let w(d) = 20*d**2 + 16*d + 7. Let g be w(9). Calculate the highest common divisor of g and 322.
161
Suppose -16*x = -21*x. Let p(r) = -3*r + 6 + x*r - 9*r - 53*r. Let z be p(-2). Calculate the highest common divisor of z and 17.
17
Suppose -29 = 4*y - 3*r, -y - 3*r - 2 = 9. Let z be -6 - (3*y - -4). Calculate the greatest common factor of 98 and z.
14
Let y be (-8 + (-552)/(-15))/((-3)/(-10) - 0). Calculate the highest common divisor of y and 516.
12
Let z(s) = -433*s - 3. Let t be z(-1). Suppose 0*x + 2*x - 2*o - t = 0, x - 195 = -3*o. What is the greatest common divisor of 30 and x?
30
Suppose 19*q = 2310 - 961. Let y = q + 124. What is the greatest common factor of 15 and y?
15
Let p be ((-10)/(-4))/(30/84). Suppose g - 5*y - 16 = 0, -g - y = p - 29. Calculate the greatest common factor of 56 and g.
7
Let v be 29 + 8/(-5)*55/22. Let i(w) = 2 - w**2 - 20*w + v*w - 14*w. Let q be i(-9). Calculate the greatest common divisor of q and 8.
2
Suppose 174*x - 164457 - 611737 = -224092. Calculate the greatest common factor of 114 and x.
19
Let g be (-1)/(-4)*-2 - (-714)/(-4). Let i = g + 200. Calculate the greatest common divisor of i and 49.
7
Let g = -64 - -110. Suppose 14*j + 4 = g. Suppose -7*n + j*n = -84. What is th